+ 1. Let r(o) = 3*o**2 + o - 3. Let v(u) = q*x(u) - r(u). Give v(0).
1
Let w(t) = -t**3 - t**2 + t + 7. Let y(j) = -j + 1 - 4 + 0. Suppose 9 = -4*d - 3*u, -3*d + 6*u - u = 14. Let k be y(d). What is w(k)?
7
Let m(d) be the second derivative of -d**7/2520 + d**6/80 - 7*d**5/120 - 7*d**4/12 + 6*d. Let w(o) be the third derivative of m(o). What is w(8)?
1
Let o(b) = -2 - 3 - b**2 - 4 - 9*b - 2. Let y be o(-8). Let d(g) = -g**3 - 4*g**2 - 2*g + 2. Give d(y).
-1
Let z(o) be the first derivative of -o**5/60 - 5*o**4/24 - 2*o**3/3 + 3*o**2/2 - 2. Let h(i) be the second derivative of z(i). Give h(-4).
0
Let k(i) = 0*i**2 - i**2 + 9*i + 2*i**2 - 1 - 2*i. What is k(-3)?
-13
Let m(i) = 15*i**2 + 20*i**2 + 1 + 0 - i - 41*i**2. What is m(1)?
-6
Let z(y) = y - 1. Let v(u) = 3*u - 5. Let s(r) = v(r) - 6*z(r). Suppose -w = -0*w - 4. What is s(w)?
-11
Let z(t) = 7*t - 5*t**2 + 3*t - 5*t + 6*t**2 - 1. Let v be z(-4). Let u(m) = m + 12. Calculate u(v).
7
Suppose u + 6 = d, 5*d - u = 2*u + 24. Suppose 6*w - 2*w = -4*t + 16, -d*w = -3*t. Let g(h) = -2 - 6*h**t + h**3 + 3*h**2 + 2*h - 3*h. Give g(3).
-5
Let s(j) = 4 - 4 + j + 7. Let z(c) = -c**3 - 5*c**2 + 6*c - 5. Suppose -4*k = k + 30. Let p be z(k). Give s(p).
2
Let b(u) = 3*u. Suppose -n = t + t - 2, -18 = -2*t - 5*n. Give b(t).
-3
Let g(r) be the third derivative of -1/6*r**3 + 0*r + 0 + 1/24*r**4 - 4*r**2. Let s = 5 - 2. What is g(s)?
2
Let c(i) = i**2 - 5*i + 2. Let u be c(2). Let d(r) = r + 3. Let n be d(u). Let q(w) = -14*w**2 - w. What is q(n)?
-13
Let j(q) be the third derivative of q**6/120 - q**5/20 - q**4/24 + q**3/3 + 4*q**2. Let k be (-1 - 2/(-1))*2. Let f = k + 1. Give j(f).
-1
Let r(u) = u**2 - 5*u - 2. Let d(z) = -z**3 + 4*z**2 - 3*z + 4. Suppose 2*i - 2 - 4 = 0. Let t be d(i). Give r(t).
-6
Let v(w) = 12*w**3 - w + 1. Let o be v(1). Suppose o - 37 = -5*i. Let z(c) = -c + 2 - 4 - i + 0. Calculate z(-4).
-3
Let j(o) be the first derivative of o**6/120 - o**5/12 + o**3/2 + o**2 - 2. Let s(x) be the second derivative of j(x). Determine s(5).
3
Let i(k) = 2*k + 3. Let q(z) = -z - 3. Suppose 0 = -2*r - 27 + 11. Let o be q(r). Calculate i(o).
13
Let u(n) = -n**2 + 9*n + 7. Let v be u(10). Let i(c) = -2*c**2 + 4*c + 1. Let g(d) = -d**2 + 3*d + 2. Let s(y) = -3*g(y) + 2*i(y). Calculate s(v).
-10
Let j(g) = -2*g + g + 2 + 2*g. Let c(h) = -h + 2. Let o be c(-2). Let q be 15/3*o/(-5). Determine j(q).
-2
Let g(c) = -3*c**2 - 5*c - 4. Let l(h) = h + 22. Let s be l(-25). Determine g(s).
-16
Let w = 0 + 2. Suppose 3*p + t - 8 = -0*t, w*p - 4*t = 24. Let c = p - 2. Let b(i) = 3*i - 1. Calculate b(c).
5
Let z(v) be the third derivative of v**5/60 - 7*v**4/24 - 5*v**3/6 + 2*v**2 + 57. Calculate z(7).
-5
Let p(v) = -v**3 - 4*v**2 - 2*v - 3. Let a be ((-36)/(-24))/((-2)/4). Calculate p(a).
-6
Let u(b) be the first derivative of b**6/120 - b**5/20 - b**4/12 + b**3/6 + 4*b**2 + 2. Let k(d) be the second derivative of u(d). Give k(3).
-5
Let w(y) = -18*y**3 + 2*y**2 - y. Suppose 5*i = -5*t + 25, 3*i - 5*t + 0*t = -17. What is w(i)?
-17
Let s(l) = -72 + 74 - 3*l + 2*l. Give s(2).
0
Let y(s) be the first derivative of s**2/2 + 2*s - 1. Let v(t) = t**2 - 8*t - 5. Let u be v(7). Let a = u - -14. Calculate y(a).
4
Let i(h) be the second derivative of h**6/720 + h**5/40 - h**4/12 - 5*h. Let k(j) be the third derivative of i(j). Calculate k(3).
6
Let c(m) be the third derivative of -5*m**4/12 + 10*m**2. What is c(1)?
-10
Suppose 2*t + 6 = 5*w - 10, -t - 2 = -w. Let n(p) = -6*p**2 + 4*p - 2 - 4*p + 7*p**t. Give n(-2).
2
Let h be (21/(-2))/((-3)/6). Suppose -2*n + 4*y = -30, -3*n + h + 19 = -5*y. Let j(a) = a**2 - 8*a + 7. Calculate j(n).
-8
Let l(f) = -5 - f + 2 + 4. Suppose -2*r = 5*s, 0 = r - 2*r + 4*s. Suppose 4*d - 12 + r = 0. Give l(d).
-2
Suppose 3*x - 8 = 4. Let u(w) = -2*w**3 - 4*w**2 - w. Let k(c) = 0 - 5*c + 3*c - 3*c**3 + 1 - 8*c**2. Let h(n) = -3*k(n) + 5*u(n). Give h(x).
1
Let u(r) = -6*r + 3. Let n(x) = 6*x**2. Let g be n(1). Let v(j) = 0*j**2 + 3*j**2 + 9 - 4*j**2 - g*j. Let f be v(-7). Calculate u(f).
-9
Let k(b) be the second derivative of 1/20*b**5 - 1/6*b**3 - 5/12*b**4 - b + 5/2*b**2 + 0. Suppose -3*u + 17 = 2. What is k(u)?
0
Let v(f) be the first derivative of f**5/20 + f**4/3 + 2*f**3/3 + 3*f**2 + f + 14. Let k(b) be the first derivative of v(b). Let x = -9 - -5. Determine k(x).
-10
Let g(k) be the third derivative of -k**5/30 + k**4/24 + k**3/6 + k**2. Let w be (-3)/6*(-6)/(-3). Calculate g(w).
-2
Let v(o) = o**3 + 5*o**2 + 4*o - 3. Suppose 3*t - 5*t - 8 = 0. What is v(t)?
-3
Let p(a) = -a**3 + a**2 + 1. Let i(q) = q - 11. Let b be i(10). Let m(w) = -5*w**3 + 4*w**2 + 3*w + 3. Let y(n) = b*m(n) + 6*p(n). Let v = 3 + -1. Give y(v).
-3
Let u be (12 + 2)*2/4. Suppose 4 = -2*o - 0. Let a = o + u. Let k(q) = -q + 6. Calculate k(a).
1
Let z(t) = t**3 + 5*t**2 - 6*t + 6. Suppose -4*y + 2*q = 28, 2*y - 3 = -2*q - 11. What is z(y)?
6
Let r(h) be the second derivative of -h**3/2 + 4*h - 4. Let z be ((-4)/(-6) + 0)*3. Determine r(z).
-6
Let y(r) = r**2 - 7*r + 3. Let z be y(7). Let u be (-1)/z + (-8)/3. Let v(k) = -k - 2. What is v(u)?
1
Let n(g) = g**2 + 8*g + 1. Let b(u) = -u + 2 - 3 + 0. Let s(x) = 4*b(x) + n(x). Determine s(-4).
-3
Suppose -5*w - 2*d + 5*d = -9, 2*w - 2*d = 2. Let k(f) = f - w*f + 3*f - 2*f**2. Let i(y) = -2*y**3 - y - 1. Let u be i(-1). Give k(u).
-6
Let g = 12 + -5. Let u(a) = -a + 3*a + g*a - 3*a. Give u(1).
6
Suppose 3*c - 3 + 0 = 0. Let j(v) = -3*v**3 - 7*v**2 + 2*v - 1. Let k(l) = 4*l**3 + 8*l**2 - 2*l + 1. Let z(r) = -6*j(r) - 5*k(r). Determine z(c).
-1
Suppose t = 5*t - 8. Let d(w) = -6*w - 5 - 4*w**2 + w**t + 7*w**2 + w**3. Give d(-5).
0
Let u(t) = -t - 4. Suppose r - 27 = -2*r + 3*p, 3*p = -r - 11. Let a be 17/(-4) - r/(-16). Let l = 4 + a. Calculate u(l).
-4
Suppose 3 = -v - 5*u, 2*v + 2*u - 2 = -0. Let a(z) = 2*z - 4*z**v + 4*z - 5*z - 1. What is a(1)?
-4
Let i(s) = s**3 - 7*s**2 - s + 7. Let d be i(7). Suppose 3*v = -d*v - 6. Let f(z) = z**3 + 4*z**2 + 3*z + 1. Give f(v).
3
Suppose 0 = -3*t - t. Suppose -6*a + 4*a - 8 = t. Let d(p) = -3 - 2*p - p**3 + p**3 - 4*p**2 - p**3. Determine d(a).
5
Let d(z) be the second derivative of 0 - 1/20*z**5 + 2*z + 0*z**3 + 3/2*z**2 - 1/6*z**4. Let b be (4/(-4) + 0)*3. Calculate d(b).
12
Let a(m) = -12*m**2 + 4*m - 3. Let w(v) = -8*v**2 + 3*v - 2. Let n(j) = -5*a(j) + 7*w(j). Let s be (-51)/6 + 6/4. Let y be (-3)/(-6)*(s - -5). Calculate n(y).
4
Suppose i - 3*o + 7 = 0, 0 = -7*i + 3*i - 3*o - 13. Suppose a = 3*q - 1, -5*q + 3*a = -0*a + 5. Let y(v) = 0*v**3 + v**2 + v**3 + 3*v**2 - q. What is y(i)?
-2
Let w(v) = -3*v**3. Let t be w(1). Let i(s) = s**2 + 3*s + 2. Calculate i(t).
2
Let x(b) = 2*b**3 + 4*b**2 - 12*b - 6. Let z(p) = p**3 + 2*p**2 - 6*p - 3. Let k(g) = 4*x(g) - 7*z(g). Let v = -439 - -435. Give k(v).
-11
Let w(r) = -r + 33*r**3 + 7*r**2 - 3*r**2 - 34*r**3. Determine w(2).
6
Let p(l) = l + 2. Let j be (8/(-6))/(4/(-6)). Let n be j/(-6) + (-35)/21. What is p(n)?
0
Let y(h) = -h**3 - h**2 - 5*h - 12. Let z(x) = 2*x**3 + 9*x + 24. Let w(f) = 11*y(f) + 6*z(f). Give w(11).
1
Suppose -7*o = -4*o - 6. Let y(c) = -2 - 4 - 2*c + c**3 + 5 + c. Give y(o).
5
Let b(r) be the third derivative of r**6/120 - r**5/20 + r**4/12 - r**3/3 - 11*r**2. Determine b(2).
-2
Suppose a = -0*a + 12. Let d be -3*(100/a)/5. Let j(y) = y**3 + 5*y**2 + y + 2. Determine j(d).
-3
Let w(l) = l + 25. Let u be 0*((-12)/3)/(-16). What is w(u)?
25
Let j(t) be the third derivative of t**6/120 - t**4/12 - t**3/2 - t**2. Determine j(-2).
-7
Let p(j) = -2*j - 4. Suppose 2*b + 16 = -2*b. Let n = -1 + b. What is p(n)?
6
Let h(b) = -b**3 - 5*b**2 - 5*b - 4. Let a = 3 + -7. Calculate h(a).
0
Let y(s) be the second derivative of s**5/20 - s**4/4 - 2*s**3/3 + s**2 + 2*s. Let x be y(4). Let t(l) = l**x + 5 - 1 + 3*l - 1. What is t(-3)?
3
Let o(p) = -p**3 + 3*p**2 + 2*p + 3. Let a(h) = h**2 - 11*h + 3. Let y be a(12). Suppose z - y = -4*z. What is o(z)?
9
Let r(m) be the second derivative of m**5/20 - m**4/2 - m**3/3 + 7*m**2/2 - 5*m. Calculate r(6).
-5
Let y(k) = -6 - k + 0 - 1 + 0. Calculate y(-8).
1
Suppose 3*r + 3 = 4*p, -r = 4*p - 2*p - 9. Let x = -1 - -3. Suppose 5*u = p*u + x. Let w(k) = -6*k. What is w(u)?
-6
Let m(n) be the second derivative of n**4/12 + 7*n**3/6 + 3*n**2 -